{"id":3465,"date":"2026-01-19T16:06:55","date_gmt":"2026-01-19T22:06:55","guid":{"rendered":"https:\/\/ensech.edu.mx\/?page_id=3465"},"modified":"2026-01-19T16:06:55","modified_gmt":"2026-01-19T22:06:55","slug":"convocatoria-3-3-3-2-2-2-2-2","status":"publish","type":"page","link":"https:\/\/ensech.edu.mx\/?page_id=3465","title":{"rendered":"CONVOCATORIA No. 2\/2026"},"content":{"rendered":"\n<p><strong>CONVOCATORIA No.1\/2026<\/strong><\/p>\n\n\n\n<p><strong>ASIGNACI\u00d3N DE HORAS CLASE PARA DOCENTES DE INGL\u00c9S<\/strong> <strong>PARA LAS LICENCIATURAS EDUCACI\u00d3N SECUNDARIA EN MODALIDAD ESCOLARIZADA<\/strong><\/p>\n\n\n\n<div class=\"wp-block-columns has-background has-medium-font-size is-layout-flex wp-container-core-columns-is-layout-1 wp-block-columns-is-layout-flex\" style=\"background-color:#7f2855\">\n<div class=\"wp-block-column is-layout-flow wp-block-column-is-layout-flow\">\n<p class=\"justificac has-base-3-color has-text-color has-link-color wp-elements-3c372619b8a8a97bf271b13daf880d10\">La Escuela Normal Superior Profr. Jos\u00e9 E. Medrano R., emite la presente para desarrollar el proceso de selecci\u00f3n para asignaci\u00f3n de horas clase a docentes, a efecto de contar con maestras y maestros con los conocimientos y aptitudes necesarios para contribuir al desarrollo integral y m\u00e1ximo logro de aprendizaje de los educandos; de conformidad con los art\u00edculos 51\u00b0 y 52\u00b0 del Estatuto Org\u00e1nico, as\u00ed como con el art\u00edculo 3.\u00ba, p\u00e1rrafos s\u00e9ptimo y octavo, de la Constituci\u00f3n Pol\u00edtica de los Estados Unidos Mexicanos.<\/p>\n<\/div>\n<\/div>\n\n\n\n<div class=\"wp-block-columns is-layout-flex wp-container-core-columns-is-layout-2 wp-block-columns-is-layout-flex\">\n<div class=\"wp-block-column is-layout-flow wp-block-column-is-layout-flow\" style=\"flex-basis:100%\">\n<div class=\"wp-block-file aligncenter has-contrast-3-background-color has-background\"><a id=\"wp-block-file--media-9cb63fff-e3b3-4557-bb70-8afef344056c\" href=\"https:\/\/ensech.edu.mx\/wp-content\/uploads\/2026\/01\/CONVOCATORIA-N\u00b02-2026.pdf\">CONVOCATORIA N\u00b02-2026<\/a><a href=\"https:\/\/ensech.edu.mx\/wp-content\/uploads\/2026\/01\/CONVOCATORIA-N\u00b02-2026.pdf\" class=\"wp-block-file__button wp-element-button\" download aria-describedby=\"wp-block-file--media-9cb63fff-e3b3-4557-bb70-8afef344056c\">Descarga<\/a><\/div>\n\n\n\n<div data-wp-interactive=\"core\/file\" class=\"wp-block-file aligncenter has-contrast-3-background-color has-background\"><object data-wp-bind--hidden=\"!state.hasPdfPreview\"  class=\"wp-block-file__embed\" data=\"https:\/\/ensech.edu.mx\/wp-content\/uploads\/2026\/01\/CONVOCATORIA-N\u00b02-2026.pdf\" type=\"application\/pdf\" style=\"width:100%;height:808px\" aria-label=\"Incrustado de CONVOCATORIA N\u00b02-2026.\"><\/object><a id=\"wp-block-file--media-9cb63fff-e3b3-4557-bb70-8afef344056c\" href=\"https:\/\/ensech.edu.mx\/wp-content\/uploads\/2026\/01\/CONVOCATORIA-N\u00b02-2026.pdf\">CONVOCATORIA N\u00b02-2026<\/a><a href=\"https:\/\/ensech.edu.mx\/wp-content\/uploads\/2026\/01\/CONVOCATORIA-N\u00b02-2026.pdf\" class=\"wp-block-file__button wp-element-button\" download aria-describedby=\"wp-block-file--media-9cb63fff-e3b3-4557-bb70-8afef344056c\">Descarga<\/a><\/div>\n<\/div>\n<\/div>\n","protected":false},"excerpt":{"rendered":"<p>CONVOCATORIA No.1\/2026 ASIGNACI\u00d3N DE HORAS CLASE PARA DOCENTES DE INGL\u00c9S PARA LAS LICENCIATURAS EDUCACI\u00d3N SECUNDARIA EN MODALIDAD ESCOLARIZADA La Escuela Normal Superior Profr. Jos\u00e9 E. Medrano R., emite la presente para desarrollar el proceso de selecci\u00f3n para asignaci\u00f3n de horas clase a docentes, a efecto de contar con maestras y maestros con los conocimientos y &#8230; <a title=\"CONVOCATORIA No. 2\/2026\" class=\"read-more\" href=\"https:\/\/ensech.edu.mx\/?page_id=3465\" aria-label=\"M\u00e1s en CONVOCATORIA No. 2\/2026\">Leer m\u00e1s<\/a><\/p>\n","protected":false},"author":1,"featured_media":0,"parent":0,"menu_order":0,"comment_status":"closed","ping_status":"closed","template":"","meta":{"footnotes":""},"class_list":["post-3465","page","type-page","status-publish"],"_links":{"self":[{"href":"https:\/\/ensech.edu.mx\/index.php?rest_route=\/wp\/v2\/pages\/3465"}],"collection":[{"href":"https:\/\/ensech.edu.mx\/index.php?rest_route=\/wp\/v2\/pages"}],"about":[{"href":"https:\/\/ensech.edu.mx\/index.php?rest_route=\/wp\/v2\/types\/page"}],"author":[{"embeddable":true,"href":"https:\/\/ensech.edu.mx\/index.php?rest_route=\/wp\/v2\/users\/1"}],"replies":[{"embeddable":true,"href":"https:\/\/ensech.edu.mx\/index.php?rest_route=%2Fwp%2Fv2%2Fcomments&post=3465"}],"version-history":[{"count":1,"href":"https:\/\/ensech.edu.mx\/index.php?rest_route=\/wp\/v2\/pages\/3465\/revisions"}],"predecessor-version":[{"id":3467,"href":"https:\/\/ensech.edu.mx\/index.php?rest_route=\/wp\/v2\/pages\/3465\/revisions\/3467"}],"wp:attachment":[{"href":"https:\/\/ensech.edu.mx\/index.php?rest_route=%2Fwp%2Fv2%2Fmedia&parent=3465"}],"curies":[{"name":"wp","href":"https:\/\/api.w.org\/{rel}","templated":true}]}}